f 219998540.
2, 5, 47, 283, 827
What are the prime factors of 64025590?
2, 5, 53, 107, 1129
What are the prime factors of 1482518933?
7, 5101, 41519
What are the prime factors of 3663299044?
2, 3499, 261739
List the prime factors of 5617074211.
7, 802439173
List the prime factors of 2759210771.
29, 95145199
List the prime factors of 808082031.
3, 983, 274019
List the prime factors of 3923738953.
3923738953
List the prime factors of 1274213451.
3, 7, 60676831
List the prime factors of 5798636697.
3, 7, 23, 113, 106243
What are the prime factors of 27919655?
5, 1619, 3449
List the prime factors of 29245394.
2, 14622697
What are the prime factors of 2513068790?
2, 5, 499, 503621
What are the prime factors of 2850955450?
2, 5, 7, 37, 220151
What are the prime factors of 99765257?
19, 5250803
List the prime factors of 537891963.
3, 7, 101, 36229
List the prime factors of 266643803.
31, 151, 56963
What are the prime factors of 364361904?
2, 3, 79, 32029
What are the prime factors of 59755590?
2, 3, 5, 221317
List the prime factors of 2466745437.
3, 13, 4289, 14747
What are the prime factors of 297094057?
13, 17, 103409
List the prime factors of 197883598.
2, 11, 433, 20773
List the prime factors of 230295089.
230295089
What are the prime factors of 25980503?
4139, 6277
List the prime factors of 5012357771.
5012357771
List the prime factors of 492433516.
2, 123108379
List the prime factors of 1294024214.
2, 7, 92430301
What are the prime factors of 259515866?
2, 59, 233, 9439
List the prime factors of 39164645.
5, 13, 29, 79, 263
What are the prime factors of 5092664?
2, 53, 12011
List the prime factors of 401349136.
2, 25084321
What are the prime factors of 5049119442?
2, 3, 17, 127, 389773
What are the prime factors of 637127811?
3, 79, 896101
What are the prime factors of 47127662?
2, 23563831
List the prime factors of 442412500.
2, 5, 35393
List the prime factors of 557604486.
2, 3, 761, 4523
List the prime factors of 535947447.
3, 7, 701, 743
List the prime factors of 2785214617.
19, 5821, 25183
List the prime factors of 33415078.
2, 16707539
What are the prime factors of 2246323773?
3, 19, 23, 71, 24133
List the prime factors of 51029350.
2, 5, 503, 2029
What are the prime factors of 141128399?
31, 107, 157, 271
What are the prime factors of 2078941198?
2, 641, 1621639
What are the prime factors of 38775169?
311, 124679
What are the prime factors of 37811106?
2, 3, 229, 9173
List the prime factors of 201501812.
2, 2309, 21817
List the prime factors of 35834392.
2, 11, 37019
List the prime factors of 1472983353.
3, 54554939
What are the prime factors of 3161427188?
2, 23, 34363339
List the prime factors of 22580396.
2, 5645099
List the prime factors of 4516781662.
2, 43, 52520717
What are the prime factors of 43536413?
97, 448829
List the prime factors of 2018290066.
2, 13, 23, 293, 11519
What are the prime factors of 15681908?
2, 11, 31, 11497
What are the prime factors of 128536894?
2, 167, 384841
What are the prime factors of 4262424580?
2, 5, 213121229
What are the prime factors of 162282183?
3, 7, 739, 10457
List the prime factors of 2964019944.
2, 3, 123500831
List the prime factors of 4417062.
2, 3, 13, 56629
List the prime factors of 289872304.
2, 17, 353, 3019
List the prime factors of 3708036587.
43, 829, 104021
What are the prime factors of 383335492?
2, 79, 1213087
List the prime factors of 161480274.
2, 3, 26913379
List the prime factors of 90879953.
90879953
List the prime factors of 789235964.
2, 11, 2017, 8893
List the prime factors of 25343046.
2, 3, 1061, 1327
What are the prime factors of 38035890?
2, 3, 5, 422621
List the prime factors of 465856382.
2, 232928191
What are the prime factors of 75653417?
7, 17, 23, 131, 211
What are the prime factors of 60294881?
60294881
List the prime factors of 117180123.
3, 109, 358349
List the prime factors of 683404197.
3, 7, 1787, 18211
What are the prime factors of 1015993440?
2, 3, 5, 7, 11, 17
What are the prime factors of 23937789?
3, 29, 275147
What are the prime factors of 19434843?
3, 29, 24821
What are the prime factors of 5836095426?
2, 3, 7, 138954653
List the prime factors of 382678739.
382678739
What are the prime factors of 52392503?
52392503
List the prime factors of 149127181.
7, 19, 1121257
What are the prime factors of 251729337?
3, 367, 228637
List the prime factors of 68909192.
2, 11, 41, 71, 269
List the prime factors of 1479691189.
41, 43, 839303
List the prime factors of 505004053.
683, 739391
List the prime factors of 2194908590.
2, 5, 7, 17, 461, 4001
What are the prime factors of 406573953?
3, 135524651
List the prime factors of 2642899475.
5, 17, 347, 17921
List the prime factors of 162394252.
2, 40598563
List the prime factors of 105992075.
5, 7, 61, 9929
List the prime factors of 12595629.
3, 4198543
What are the prime factors of 2784842553?
3, 23, 607, 66491
List the prime factors of 7517122.
2, 19, 337, 587
List the prime factors of 74915248.
2, 4682203
What are the prime factors of 685427979?
3, 228475993
What are the prime factors of 2652743184?
2, 3, 7, 13, 101, 859
List the prime factors of 93903080.
2, 5, 2347577
List the prime factors of 1075177130.
2, 5, 19, 297833
List the prime factors of 85129618.
2, 7, 947, 6421
List the prime factors of 393954195.
3, 5, 467, 56239
List the prime factors of 8244444.
2, 3, 13, 41, 1289
List the prime factors of 714346337.
113, 887, 7127
What are the prime factors of 682066189?
7, 139, 700993
List the prime factors of 504332456.
2, 63041557
What are the prime factors of 6547920?
2, 3, 5, 27283
What are the prime factors of 586804689?
3, 61, 356287
List the prime factors of 554358712.
2, 17, 4076167
What are the prime factors of 2933656152?
2, 3, 7, 47, 79, 4703
List the prime factors of 99063315.
3, 5, 13, 169339
List the prime factors of 6634686173.
6634686173
What are the prime factors of 78938727?
3, 7, 83, 45289
What are the prime factors of 7760148809?
7, 1108592687
List the prime factors of 16969748.
2, 4242437
What are the prime factors of 104381579?
104381579
What are the prime factors of 135143627?
135143627
What are the prime factors of 139635345?
3, 5, 71, 131113
List the prime factors of 7212898400.
2, 5, 37, 67, 3637
List the prime factors of 16691300.
2, 5, 83, 2011
List the prime factors of 14113660.
2, 5, 11, 64153
List the prime factors of 260710194.
2, 3, 197, 367, 601
List the prime factors of 75885456.
2, 3, 103, 15349
List the prime factors of 75341375.
5, 43, 107, 131
What are the prime factors of 360393338?
2, 2309, 78041
What are the prime factors of 5963594838?
2, 3, 293, 3392261
What are the prime factors of 436230002?
2, 13, 16778077
What are the prime factors of 475391724?
2, 3, 2221, 17837
List the prime factors of 3378854.
2, 43, 101, 389
What are the prime factors of 164803937?
4951, 33287
What are the prime factors of 2549067029?
541, 787, 5987
List the prime factors of 30673661.
17, 199, 9067
What are the prime factors of 63985365?
3, 5, 17, 83641
List the prime factors of 42290595.
3, 5, 939791
List the prime factors of 711755667.
3, 7, 1255301
What are the prime factors of 112995393?
3, 7, 1699, 3167
List the prime factors of 4279526728.
2, 1511, 354031
What are the prime factors of 54929719?
13, 37, 114199
List the prime factors of 108673314.
2, 3, 18112219
What are the prime factors of 1657939388?
2, 7, 67, 883763
List the prime factors of 765212968.
2, 13, 421, 17477
What are the prime factors of 274231083?
3, 7, 41, 318503
What are the prime factors of 2073940948?
2, 457, 1134541
What are the prime factors of 41434414?
2, 7, 31, 95471
List the prime factors of 5520478.
2, 17, 9551
List the prime factors of 73905594.
2, 3, 7, 863, 2039
What are the prime factors of 45591357?
3, 7, 2171017
List the prime factors of 676760433.
3, 225586811
List the prime factors of 3346987410.
2, 3, 5, 13, 2860673
What are the prime factors of 46562189?
23, 499, 4057
What are the prime factors of 5334029639?
419, 12730381
What are the prime factors of 43367645?
5, 61, 142189
List the prime factors of 109264955.
5, 3863, 5657
What are the prime factors of 2182769355?
3, 5, 13, 861053
What are the prime factors of 237196664?
2, 29649583
What are the prime factors of 40044689?
137, 239, 1223
List